{"id":2415,"date":"2022-04-26T13:59:39","date_gmt":"2022-04-26T13:59:39","guid":{"rendered":"http:\/\/alias-animation.fr\/?post_type=product&#038;p=2415"},"modified":"2022-04-26T14:05:19","modified_gmt":"2022-04-26T14:05:19","slug":"hockey-hexagone","status":"publish","type":"product","link":"https:\/\/alias-animation.fr\/?product=hockey-hexagone","title":{"rendered":"Hockey Hexagone"},"content":{"rendered":"","protected":false},"excerpt":{"rendered":"<p style=\"text-align: left;\"><span style=\"color: #ff0000;\"><strong>Le prix sera indiqu\u00e9 dans notre devis<br \/>\n<\/strong><\/span>Chaque joueur se muni d\u2019une crosse et se placent \u00e0 l\u2019ext\u00e9rieur du hockey.<\/p>\n<div class=\"page\" title=\"Page 87\">\n<div class=\"layoutArea\">\n<div class=\"column\">\n<p>Le but du jeu est de marqu\u00e9 des points \u00e0 ses adversaires tout en prot\u00e9geant les 3 buts de sa couleur.<br \/>\nLe jeu peut se jouer en individuel ou en \u00e9quipe (en alternant les joueurs de chaque \u00e9quipe).<\/p>\n<p>Le premier joueur ou la premi\u00e8re \u00e9quipe \u00e0 5 points \u00e0 gagner.<\/p>\n<\/div>\n<\/div>\n<\/div>\n<p>Nombre de joueurs : 6<\/p>\n","protected":false},"featured_media":743,"template":"","meta":{"_et_pb_use_builder":"","_et_pb_old_content":"","_et_gb_content_width":"","_uag_custom_page_level_css":""},"product_brand":[],"product_cat":[28],"product_tag":[],"class_list":{"0":"post-2415","1":"product","2":"type-product","3":"status-publish","4":"has-post-thumbnail","6":"product_cat-jeux-xxl","8":"first","9":"instock","10":"shipping-taxable","11":"purchasable","12":"product-type-simple"},"aioseo_notices":[],"uagb_featured_image_src":{"full":["https:\/\/alias-animation.fr\/wp-content\/uploads\/2022\/04\/Hockey-geant-1-min-min.jpg",450,600,false],"thumbnail":["https:\/\/alias-animation.fr\/wp-content\/uploads\/2022\/04\/Hockey-geant-1-min-min-150x150.jpg",150,150,true],"medium":["https:\/\/alias-animation.fr\/wp-content\/uploads\/2022\/04\/Hockey-geant-1-min-min-225x300.jpg",225,300,true],"medium_large":["https:\/\/alias-animation.fr\/wp-content\/uploads\/2022\/04\/Hockey-geant-1-min-min.jpg",450,600,false],"large":["https:\/\/alias-animation.fr\/wp-content\/uploads\/2022\/04\/Hockey-geant-1-min-min.jpg",450,600,false],"1536x1536":["https:\/\/alias-animation.fr\/wp-content\/uploads\/2022\/04\/Hockey-geant-1-min-min.jpg",450,600,false],"2048x2048":["https:\/\/alias-animation.fr\/wp-content\/uploads\/2022\/04\/Hockey-geant-1-min-min.jpg",450,600,false],"et-pb-post-main-image":["https:\/\/alias-animation.fr\/wp-content\/uploads\/2022\/04\/Hockey-geant-1-min-min.jpg",188,250,false],"et-pb-post-main-image-fullwidth":["https:\/\/alias-animation.fr\/wp-content\/uploads\/2022\/04\/Hockey-geant-1-min-min.jpg",450,600,false],"et-pb-portfolio-image":["https:\/\/alias-animation.fr\/wp-content\/uploads\/2022\/04\/Hockey-geant-1-min-min.jpg",213,284,false],"et-pb-portfolio-module-image":["https:\/\/alias-animation.fr\/wp-content\/uploads\/2022\/04\/Hockey-geant-1-min-min.jpg",287,382,false],"et-pb-portfolio-image-single":["https:\/\/alias-animation.fr\/wp-content\/uploads\/2022\/04\/Hockey-geant-1-min-min.jpg",450,600,false],"et-pb-gallery-module-image-portrait":["https:\/\/alias-animation.fr\/wp-content\/uploads\/2022\/04\/Hockey-geant-1-min-min.jpg",387,516,false],"et-pb-post-main-image-fullwidth-large":["https:\/\/alias-animation.fr\/wp-content\/uploads\/2022\/04\/Hockey-geant-1-min-min.jpg",450,600,false],"et-pb-image--responsive--desktop":["https:\/\/alias-animation.fr\/wp-content\/uploads\/2022\/04\/Hockey-geant-1-min-min.jpg",450,600,false],"et-pb-image--responsive--tablet":["https:\/\/alias-animation.fr\/wp-content\/uploads\/2022\/04\/Hockey-geant-1-min-min.jpg",413,551,false],"et-pb-image--responsive--phone":["https:\/\/alias-animation.fr\/wp-content\/uploads\/2022\/04\/Hockey-geant-1-min-min.jpg",203,270,false],"woocommerce_thumbnail":["https:\/\/alias-animation.fr\/wp-content\/uploads\/2022\/04\/Hockey-geant-1-min-min-300x300.jpg",300,300,true],"woocommerce_single":["https:\/\/alias-animation.fr\/wp-content\/uploads\/2022\/04\/Hockey-geant-1-min-min.jpg",450,600,false],"woocommerce_gallery_thumbnail":["https:\/\/alias-animation.fr\/wp-content\/uploads\/2022\/04\/Hockey-geant-1-min-min-100x100.jpg",100,100,true]},"uagb_author_info":{"display_name":"Laetitia Bizet","author_link":"https:\/\/alias-animation.fr\/?author=0"},"uagb_comment_info":0,"uagb_excerpt":"Le prix sera indiqu\u00e9 dans notre devis Chaque joueur se muni d\u2019une crosse et se placent \u00e0 l\u2019ext\u00e9rieur du hockey. Le but du jeu est de marqu\u00e9 des points \u00e0 ses adversaires tout en prot\u00e9geant les 3 buts de sa couleur. Le jeu peut se jouer en individuel ou en \u00e9quipe (en alternant les joueurs\u2026","jetpack_sharing_enabled":true,"_links":{"self":[{"href":"https:\/\/alias-animation.fr\/index.php?rest_route=\/wp\/v2\/product\/2415","targetHints":{"allow":["GET"]}}],"collection":[{"href":"https:\/\/alias-animation.fr\/index.php?rest_route=\/wp\/v2\/product"}],"about":[{"href":"https:\/\/alias-animation.fr\/index.php?rest_route=\/wp\/v2\/types\/product"}],"version-history":[{"count":1,"href":"https:\/\/alias-animation.fr\/index.php?rest_route=\/wp\/v2\/product\/2415\/revisions"}],"predecessor-version":[{"id":2416,"href":"https:\/\/alias-animation.fr\/index.php?rest_route=\/wp\/v2\/product\/2415\/revisions\/2416"}],"wp:featuredmedia":[{"embeddable":true,"href":"https:\/\/alias-animation.fr\/index.php?rest_route=\/wp\/v2\/media\/743"}],"wp:attachment":[{"href":"https:\/\/alias-animation.fr\/index.php?rest_route=%2Fwp%2Fv2%2Fmedia&parent=2415"}],"wp:term":[{"taxonomy":"product_brand","embeddable":true,"href":"https:\/\/alias-animation.fr\/index.php?rest_route=%2Fwp%2Fv2%2Fproduct_brand&post=2415"},{"taxonomy":"product_cat","embeddable":true,"href":"https:\/\/alias-animation.fr\/index.php?rest_route=%2Fwp%2Fv2%2Fproduct_cat&post=2415"},{"taxonomy":"product_tag","embeddable":true,"href":"https:\/\/alias-animation.fr\/index.php?rest_route=%2Fwp%2Fv2%2Fproduct_tag&post=2415"}],"curies":[{"name":"wp","href":"https:\/\/api.w.org\/{rel}","templated":true}]}}