{"id":1171,"date":"2022-04-10T15:32:55","date_gmt":"2022-04-10T15:32:55","guid":{"rendered":"http:\/\/alias-animation.fr\/?post_type=product&#038;p=1171"},"modified":"2022-04-25T13:39:58","modified_gmt":"2022-04-25T13:39:58","slug":"chasse-pions","status":"publish","type":"product","link":"https:\/\/alias-animation.fr\/?product=chasse-pions","title":{"rendered":"Chasse Pions"},"content":{"rendered":"","protected":false},"excerpt":{"rendered":"<div class=\"page\" title=\"Page 24\">\n<div class=\"layoutArea\">\n<div class=\"column\">\n<p>Le but du jeu est de cumuler un nombre de points sup\u00e9rieur \u00e0 celui de son adversaire.<\/p>\n<p>En d\u00e9but de partie, chaque joueur choisit une couleur. A l\u2019aide du levier Chasse-Pions, et uniquement avec le levier, les joueurs envoient leurs pions vers le camp adverse \u00e0 tour de r\u00f4le.<\/p>\n<p>Tout pion qui ne d\u00e9passe pas la ligne m\u00e9diane de son propre camp peut \u00eatre rejou\u00e9. On peut utiliser ses propres pions pour chasser les pions de l\u2019adversaire de son camp.<\/p>\n<p>Lorsque les 20 pions sont jou\u00e9s, les points sont compt\u00e9s en suivant les indications suivantes :<br \/>\n&#8211; Les pions tomb\u00e9s dans les trous valent 3 points.<br \/>\n&#8211; Les pions qui sont situ\u00e9s dans le camp adverse entre le centre et la ligne m\u00e9diane valent 2 points.<br \/>\n&#8211; Les pions qui sont situ\u00e9s dans le camp adverse apr\u00e8s la ligne m\u00e9diane (\u00e0 l\u2019arri\u00e8re du jeu) valent 1 point.<\/p>\n<p>Les pions sortant des limites du jeu ou les pions restant dans son propre camp valent 0 point.<\/p>\n<\/div>\n<\/div>\n<\/div>\n","protected":false},"featured_media":1172,"template":"","meta":{"_et_pb_use_builder":"","_et_pb_old_content":"","_et_gb_content_width":"","_uag_custom_page_level_css":""},"product_brand":[],"product_cat":[19],"product_tag":[],"class_list":{"0":"post-1171","1":"product","2":"type-product","3":"status-publish","4":"has-post-thumbnail","6":"product_cat-jeux-geants","8":"first","9":"instock","10":"shipping-taxable","11":"purchasable","12":"product-type-simple"},"aioseo_notices":[],"uagb_featured_image_src":{"full":["https:\/\/alias-animation.fr\/wp-content\/uploads\/2022\/04\/chasse-pions-min.jpg",600,600,false],"thumbnail":["https:\/\/alias-animation.fr\/wp-content\/uploads\/2022\/04\/chasse-pions-min-150x150.jpg",150,150,true],"medium":["https:\/\/alias-animation.fr\/wp-content\/uploads\/2022\/04\/chasse-pions-min-300x300.jpg",300,300,true],"medium_large":["https:\/\/alias-animation.fr\/wp-content\/uploads\/2022\/04\/chasse-pions-min.jpg",600,600,false],"large":["https:\/\/alias-animation.fr\/wp-content\/uploads\/2022\/04\/chasse-pions-min.jpg",600,600,false],"1536x1536":["https:\/\/alias-animation.fr\/wp-content\/uploads\/2022\/04\/chasse-pions-min.jpg",600,600,false],"2048x2048":["https:\/\/alias-animation.fr\/wp-content\/uploads\/2022\/04\/chasse-pions-min.jpg",600,600,false],"et-pb-post-main-image":["https:\/\/alias-animation.fr\/wp-content\/uploads\/2022\/04\/chasse-pions-min.jpg",250,250,false],"et-pb-post-main-image-fullwidth":["https:\/\/alias-animation.fr\/wp-content\/uploads\/2022\/04\/chasse-pions-min.jpg",600,600,false],"et-pb-portfolio-image":["https:\/\/alias-animation.fr\/wp-content\/uploads\/2022\/04\/chasse-pions-min.jpg",284,284,false],"et-pb-portfolio-module-image":["https:\/\/alias-animation.fr\/wp-content\/uploads\/2022\/04\/chasse-pions-min.jpg",382,382,false],"et-pb-portfolio-image-single":["https:\/\/alias-animation.fr\/wp-content\/uploads\/2022\/04\/chasse-pions-min.jpg",600,600,false],"et-pb-gallery-module-image-portrait":["https:\/\/alias-animation.fr\/wp-content\/uploads\/2022\/04\/chasse-pions-min.jpg",400,400,false],"et-pb-post-main-image-fullwidth-large":["https:\/\/alias-animation.fr\/wp-content\/uploads\/2022\/04\/chasse-pions-min.jpg",600,600,false],"et-pb-image--responsive--desktop":["https:\/\/alias-animation.fr\/wp-content\/uploads\/2022\/04\/chasse-pions-min.jpg",600,600,false],"et-pb-image--responsive--tablet":["https:\/\/alias-animation.fr\/wp-content\/uploads\/2022\/04\/chasse-pions-min.jpg",551,551,false],"et-pb-image--responsive--phone":["https:\/\/alias-animation.fr\/wp-content\/uploads\/2022\/04\/chasse-pions-min.jpg",270,270,false],"woocommerce_thumbnail":["https:\/\/alias-animation.fr\/wp-content\/uploads\/2022\/04\/chasse-pions-min-300x300.jpg",300,300,true],"woocommerce_single":["https:\/\/alias-animation.fr\/wp-content\/uploads\/2022\/04\/chasse-pions-min.jpg",600,600,false],"woocommerce_gallery_thumbnail":["https:\/\/alias-animation.fr\/wp-content\/uploads\/2022\/04\/chasse-pions-min-100x100.jpg",100,100,true]},"uagb_author_info":{"display_name":"Laetitia Bizet","author_link":"https:\/\/alias-animation.fr\/?author=0"},"uagb_comment_info":0,"uagb_excerpt":"Le but du jeu est de cumuler un nombre de points sup\u00e9rieur \u00e0 celui de son adversaire. En d\u00e9but de partie, chaque joueur choisit une couleur. A l\u2019aide du levier Chasse-Pions, et uniquement avec le levier, les joueurs envoient leurs pions vers le camp adverse \u00e0 tour de r\u00f4le. Tout pion qui ne d\u00e9passe pas\u2026","jetpack_sharing_enabled":true,"_links":{"self":[{"href":"https:\/\/alias-animation.fr\/index.php?rest_route=\/wp\/v2\/product\/1171","targetHints":{"allow":["GET"]}}],"collection":[{"href":"https:\/\/alias-animation.fr\/index.php?rest_route=\/wp\/v2\/product"}],"about":[{"href":"https:\/\/alias-animation.fr\/index.php?rest_route=\/wp\/v2\/types\/product"}],"version-history":[{"count":3,"href":"https:\/\/alias-animation.fr\/index.php?rest_route=\/wp\/v2\/product\/1171\/revisions"}],"predecessor-version":[{"id":2186,"href":"https:\/\/alias-animation.fr\/index.php?rest_route=\/wp\/v2\/product\/1171\/revisions\/2186"}],"wp:featuredmedia":[{"embeddable":true,"href":"https:\/\/alias-animation.fr\/index.php?rest_route=\/wp\/v2\/media\/1172"}],"wp:attachment":[{"href":"https:\/\/alias-animation.fr\/index.php?rest_route=%2Fwp%2Fv2%2Fmedia&parent=1171"}],"wp:term":[{"taxonomy":"product_brand","embeddable":true,"href":"https:\/\/alias-animation.fr\/index.php?rest_route=%2Fwp%2Fv2%2Fproduct_brand&post=1171"},{"taxonomy":"product_cat","embeddable":true,"href":"https:\/\/alias-animation.fr\/index.php?rest_route=%2Fwp%2Fv2%2Fproduct_cat&post=1171"},{"taxonomy":"product_tag","embeddable":true,"href":"https:\/\/alias-animation.fr\/index.php?rest_route=%2Fwp%2Fv2%2Fproduct_tag&post=1171"}],"curies":[{"name":"wp","href":"https:\/\/api.w.org\/{rel}","templated":true}]}}