{"id":1134,"date":"2022-04-10T14:36:08","date_gmt":"2022-04-10T14:36:08","guid":{"rendered":"http:\/\/alias-animation.fr\/?post_type=product&#038;p=1134"},"modified":"2022-04-25T15:15:09","modified_gmt":"2022-04-25T15:15:09","slug":"arche-2","status":"publish","type":"product","link":"https:\/\/alias-animation.fr\/?product=arche-2","title":{"rendered":"Arche"},"content":{"rendered":"","protected":false},"excerpt":{"rendered":"<p>Dans l\u2019arche, chaque joueur se place de chaque c\u00f4t\u00e9 du\u00a0plateau.<br \/>\nIl faut lancer ses boules et atteindre les trous du centre du\u00a0jeu pour marquer un maximum de points.<br \/>\nLe gagnant est celui qui positionne 3 de ses boules sur 4\u00a0au centre de l\u2019arche.<br \/>\nSi la boule descend du c\u00f4t\u00e9 de l\u2019adversaire, elle ne peut\u00a0pas \u00eatre rejou\u00e9e, mais si elle revient de votre c\u00f4t\u00e9, vous<br \/>\npouvez la jouer autant de fois qu\u2019elle revient.<\/p>\n<div class=\"page\" title=\"Page 3\">\n<div class=\"layoutArea\">\n<div class=\"column\">\n<p>Nombre de joueurs : 2<\/p>\n<\/div>\n<\/div>\n<\/div>\n","protected":false},"featured_media":1056,"template":"","meta":{"_et_pb_use_builder":"","_et_pb_old_content":"","_et_gb_content_width":"","_uag_custom_page_level_css":""},"product_brand":[],"product_cat":[19],"product_tag":[],"class_list":{"0":"post-1134","1":"product","2":"type-product","3":"status-publish","4":"has-post-thumbnail","6":"product_cat-jeux-geants","8":"first","9":"instock","10":"shipping-taxable","11":"purchasable","12":"product-type-simple"},"aioseo_notices":[],"uagb_featured_image_src":{"full":["https:\/\/alias-animation.fr\/wp-content\/uploads\/2022\/04\/Arche2-700x700-min-1.jpg",600,600,false],"thumbnail":["https:\/\/alias-animation.fr\/wp-content\/uploads\/2022\/04\/Arche2-700x700-min-1-150x150.jpg",150,150,true],"medium":["https:\/\/alias-animation.fr\/wp-content\/uploads\/2022\/04\/Arche2-700x700-min-1-300x300.jpg",300,300,true],"medium_large":["https:\/\/alias-animation.fr\/wp-content\/uploads\/2022\/04\/Arche2-700x700-min-1.jpg",600,600,false],"large":["https:\/\/alias-animation.fr\/wp-content\/uploads\/2022\/04\/Arche2-700x700-min-1.jpg",600,600,false],"1536x1536":["https:\/\/alias-animation.fr\/wp-content\/uploads\/2022\/04\/Arche2-700x700-min-1.jpg",600,600,false],"2048x2048":["https:\/\/alias-animation.fr\/wp-content\/uploads\/2022\/04\/Arche2-700x700-min-1.jpg",600,600,false],"et-pb-post-main-image":["https:\/\/alias-animation.fr\/wp-content\/uploads\/2022\/04\/Arche2-700x700-min-1.jpg",250,250,false],"et-pb-post-main-image-fullwidth":["https:\/\/alias-animation.fr\/wp-content\/uploads\/2022\/04\/Arche2-700x700-min-1.jpg",600,600,false],"et-pb-portfolio-image":["https:\/\/alias-animation.fr\/wp-content\/uploads\/2022\/04\/Arche2-700x700-min-1.jpg",284,284,false],"et-pb-portfolio-module-image":["https:\/\/alias-animation.fr\/wp-content\/uploads\/2022\/04\/Arche2-700x700-min-1.jpg",382,382,false],"et-pb-portfolio-image-single":["https:\/\/alias-animation.fr\/wp-content\/uploads\/2022\/04\/Arche2-700x700-min-1.jpg",600,600,false],"et-pb-gallery-module-image-portrait":["https:\/\/alias-animation.fr\/wp-content\/uploads\/2022\/04\/Arche2-700x700-min-1.jpg",400,400,false],"et-pb-post-main-image-fullwidth-large":["https:\/\/alias-animation.fr\/wp-content\/uploads\/2022\/04\/Arche2-700x700-min-1.jpg",600,600,false],"et-pb-image--responsive--desktop":["https:\/\/alias-animation.fr\/wp-content\/uploads\/2022\/04\/Arche2-700x700-min-1.jpg",600,600,false],"et-pb-image--responsive--tablet":["https:\/\/alias-animation.fr\/wp-content\/uploads\/2022\/04\/Arche2-700x700-min-1.jpg",551,551,false],"et-pb-image--responsive--phone":["https:\/\/alias-animation.fr\/wp-content\/uploads\/2022\/04\/Arche2-700x700-min-1.jpg",270,270,false],"woocommerce_thumbnail":["https:\/\/alias-animation.fr\/wp-content\/uploads\/2022\/04\/Arche2-700x700-min-1-300x300.jpg",300,300,true],"woocommerce_single":["https:\/\/alias-animation.fr\/wp-content\/uploads\/2022\/04\/Arche2-700x700-min-1.jpg",600,600,false],"woocommerce_gallery_thumbnail":["https:\/\/alias-animation.fr\/wp-content\/uploads\/2022\/04\/Arche2-700x700-min-1-100x100.jpg",100,100,true]},"uagb_author_info":{"display_name":"Laetitia Bizet","author_link":"https:\/\/alias-animation.fr\/?author=0"},"uagb_comment_info":0,"uagb_excerpt":"Dans l\u2019arche, chaque joueur se place de chaque c\u00f4t\u00e9 du\u00a0plateau. Il faut lancer ses boules et atteindre les trous du centre du\u00a0jeu pour marquer un maximum de points. Le gagnant est celui qui positionne 3 de ses boules sur 4\u00a0au centre de l\u2019arche. Si la boule descend du c\u00f4t\u00e9 de l\u2019adversaire, elle ne peut\u00a0pas \u00eatre\u2026","jetpack_sharing_enabled":true,"_links":{"self":[{"href":"https:\/\/alias-animation.fr\/index.php?rest_route=\/wp\/v2\/product\/1134","targetHints":{"allow":["GET"]}}],"collection":[{"href":"https:\/\/alias-animation.fr\/index.php?rest_route=\/wp\/v2\/product"}],"about":[{"href":"https:\/\/alias-animation.fr\/index.php?rest_route=\/wp\/v2\/types\/product"}],"version-history":[{"count":4,"href":"https:\/\/alias-animation.fr\/index.php?rest_route=\/wp\/v2\/product\/1134\/revisions"}],"predecessor-version":[{"id":2218,"href":"https:\/\/alias-animation.fr\/index.php?rest_route=\/wp\/v2\/product\/1134\/revisions\/2218"}],"wp:featuredmedia":[{"embeddable":true,"href":"https:\/\/alias-animation.fr\/index.php?rest_route=\/wp\/v2\/media\/1056"}],"wp:attachment":[{"href":"https:\/\/alias-animation.fr\/index.php?rest_route=%2Fwp%2Fv2%2Fmedia&parent=1134"}],"wp:term":[{"taxonomy":"product_brand","embeddable":true,"href":"https:\/\/alias-animation.fr\/index.php?rest_route=%2Fwp%2Fv2%2Fproduct_brand&post=1134"},{"taxonomy":"product_cat","embeddable":true,"href":"https:\/\/alias-animation.fr\/index.php?rest_route=%2Fwp%2Fv2%2Fproduct_cat&post=1134"},{"taxonomy":"product_tag","embeddable":true,"href":"https:\/\/alias-animation.fr\/index.php?rest_route=%2Fwp%2Fv2%2Fproduct_tag&post=1134"}],"curies":[{"name":"wp","href":"https:\/\/api.w.org\/{rel}","templated":true}]}}